Suppose -5*x - 2*o = -27 + 10, 17 = 4*x + 5*o. Let q(t) = 25*t. Let n be q(x). Suppose 3*w - j - 57 = -w, 5*w - n = 2*j. What is the tens digit of w?
1
Let f(s) = s + 8. Let v be f(-6). Suppose -5*g - 3*w = w - 92, -v*g - w = -35. What is the tens digit of g?
1
Let s(u) = -u**3 - 6*u**2 - 4*u. Let b be s(-4). Let y = -7 - b. Suppose -y + 3 = -3*w. What is the units digit of w?
2
Let o(l) = l**3 + 11*l**2 + l - 3. Let s be o(-11). What is the units digit of (s/6)/(4/(-12))?
7
Let o = -3 + 6. Suppose -o*n = -15, -3*v = v - 5*n + 13. Suppose -5*x + 37 = -v*f, 0*x = -2*x + 3*f + 22. What is the units digit of x?
5
What is the units digit of (-185)/2*8/(-10)?
4
Suppose 4*g = 3*p - 609, 2*g - 1015 = -5*p + 4*g. What is the units digit of p?
3
Let c(b) = -6*b + 3. Let u be c(8). Let d = u - -69. What is the units digit of d?
4
Let l be ((-2)/(-4) + -3)*-2. Suppose 0 = 2*o - 2*a + l*a - 20, a = o - 20. What is the tens digit of o?
1
Let g(d) = d - 13. Let k be g(10). What is the units digit of ((-114)/(-4))/(k/(-4))?
8
Let z(r) = -2*r**3 - 4*r**2 - r + 2. Let u be z(-2). What is the tens digit of (-1 - -3 - u) + 15?
1
Suppose -3*r + 64 = 10. Suppose r = 7*b - 2*b - 2*d, -5*d = 2*b - 13. Suppose m - 2*m = b*y - 19, -4*y - 56 = -4*m. What is the units digit of m?
5
Let c(x) = 8*x + 6. Let n(d) = 2*d - 3. Let q be n(3). What is the tens digit of c(q)?
3
Let m = 135 + -25. What is the tens digit of m?
1
Let r(n) = -n + 2. What is the units digit of r(-1)?
3
Let u = -10 + 16. Let j = 9 - u. Suppose v = -2*v + j. What is the units digit of v?
1
What is the hundreds digit of 1*((-200)/16)/(1/(-10))?
1
Let d(t) = 10*t**3. Let m be 2/(1/((-4)/(-8))). What is the tens digit of d(m)?
1
Let i(s) = 7*s - 3. Let y be i(7). What is the units digit of (-2)/(-6) + y/6?
8
Let j(x) = 2*x**3 + 7*x**2 + 6*x - 29. What is the hundreds digit of j(5)?
4
What is the hundreds digit of (-11 - 40)/((-2)/6)?
1
Let i(g) = -g**2 - 8*g. Let l be i(-6). Let r = l - 0. What is the units digit of r?
2
Let a = 58 + -26. Suppose -2*z = -0*z - a. What is the units digit of z?
6
Let a be (-1 - (-12)/9)*15. Suppose -a*x + 7*x = 20. What is the units digit of x?
0
Let t = 9 - 23. Let a = t - -10. Let l(j) = -j + 3. What is the units digit of l(a)?
7
Let j(f) = f**2 + 5*f + 4. Let y(z) = z + 1. Let c(b) = j(b) - 6*y(b). Let o(w) be the first derivative of c(w). What is the units digit of o(8)?
5
Let l = -81 - -124. What is the tens digit of l?
4
Let y(g) = 2*g - 11. Let i(z) = -z**2 + 11*z + 8. Let p be i(11). What is the units digit of y(p)?
5
What is the tens digit of 39/2 + (-5)/(-10)?
2
Let v be (-2)/7 + 702/7. Suppose 3*f = 8*f - v. Let i = f - 11. What is the units digit of i?
9
Suppose -44 = -5*r + 21. What is the tens digit of r?
1
Suppose -90*c + 422 = -89*c. What is the units digit of c?
2
Suppose -11 + 1 = -5*y. Let x(z) = -z**3 + 7*z**2 + 8. Let p be x(7). Suppose -y*s = 2 - p. What is the units digit of s?
3
Suppose 10 = -2*v - 3*v. Let s be 1/((v/(-18))/1). Let d(u) = u. What is the units digit of d(s)?
9
Suppose 0 = 5*w + 9 + 11. Suppose -t + 3 = -4. Let s = t + w. What is the units digit of s?
3
Suppose -4*k - v = 15, -5*k + 2*v - 3*v = 20. Let l be 35 + (-3 - k) + -1. Suppose -6*d + 2*d = 2*z - 66, l = 3*d - 3*z. What is the tens digit of d?
1
Let s(o) = -4*o - 14. What is the tens digit of s(-10)?
2
Let n(r) = 52*r + 5. Let h(a) = 155*a + 16. Let c(s) = -2*h(s) + 7*n(s). What is the tens digit of c(1)?
5
Let w(u) = 41*u - 46. What is the tens digit of w(7)?
4
Let s = 168 + -115. What is the units digit of s?
3
Let n = -56 + 101. Let d = -26 + n. What is the tens digit of d?
1
Let d = -65 + 96. Suppose -3*t = -q + 2*t + d, -2*q - 3*t - 3 = 0. What is the units digit of q?
6
Let a be ((-3)/(-9))/((-1)/(-15)). Suppose 4*j = a*j - 1. What is the units digit of j?
1
Let k(f) = f**2 - f + 11. Let x = 7 - -5. Let n be (-4)/x + (-1)/(-3). What is the tens digit of k(n)?
1
Suppose -j - 185 = -463. What is the tens digit of j?
7
Let t(c) = -3*c**2 + 7. Let w be t(-3). What is the units digit of 8/(-24) - w/6?
3
Let p(s) = -8*s + 11. What is the tens digit of p(-9)?
8
Let l = 127 + -68. What is the tens digit of l?
5
Let n(b) = b**3 + 8*b**2 - 3*b - 4. Let p(j) = -j**3 - 5*j**2 + 5*j - 4. Let y be p(-6). Suppose 3 = -o, y*x + 7 = -0*o + 3*o. What is the tens digit of n(x)?
2
Suppose -17 + 5 = -4*o. Suppose -4*k + 1 = -t - 19, 42 = 5*k + o*t. What is the units digit of k?
6
Let f be (2/(-3))/((-6)/27). Suppose -f*x = -5 + 2. What is the units digit of 2*-9*x*-1?
8
Suppose -6*h = -3*h - 3. Suppose -i + 4*o = -18, 2*i - 5*o = 26 + h. What is the units digit of i?
6
Let w be (0 - (-1 - -2))*-1. Let o(d) = 19*d**2 + 1. What is the units digit of o(w)?
0
What is the hundreds digit of -3 + 120*(1 + 0)?
1
Let t(l) = -l**3 + l. Suppose -a - 2 = 2. Let s(q) = 5*q**3 + 6*q**2 - 10*q + 2. Let u(o) = a*t(o) - s(o). What is the units digit of u(-7)?
5
Let i(d) = -6*d - 9. Let h be i(-10). Let s = h + -21. What is the units digit of s?
0
Let s(u) = -5*u - 1. Let g be s(-1). Suppose 3*f - 39 = -5*m, g*m - 2*m + 5*f = 27. What is the units digit of m?
6
Suppose 6*g - 16 = 2*g. Suppose -g*n + 14 = -2*m, 3*n - 2*n - m = 4. Suppose -r - n = -5. What is the units digit of r?
2
Let f(w) = 5*w**2 - 26*w - 20. Let a(z) = 2*z**2 - 9*z - 7. Let t(j) = -8*a(j) + 3*f(j). Let h be t(-5). Let d = 14 - h. What is the tens digit of d?
1
Let h = -12 + 26. What is the units digit of h?
4
Let r = -5 - -7. Suppose 2*b + r*b = 68. What is the units digit of b?
7
Let g(w) = 2*w + 2. Let u be g(3). Let s be (u/(-6))/((-3)/9). Suppose 14 = -3*i + s*p, 0 = 4*i - 2*i - p + 1. What is the units digit of i?
2
Suppose -3*t + 0*t - p - 10 = 0, 16 = -2*t - 3*p. Let f be t/(1 + (-16)/15). Suppose 2*k - 3*a - f = 0, 5*a - 1 = -4*k + 15. What is the units digit of k?
9
Suppose -4*m = -x + 51, 197 + 77 = 5*x - m. What is the tens digit of x?
5
Suppose 4*d + 58 = 2*w + 4, -d - 24 = -w. Let j = w - 11. What is the units digit of j?
0
Suppose 16 = -w + 3*v + 2*v, 5*w - v - 40 = 0. Let p = w + -7. What is the units digit of p?
2
Let d(p) = p - 4. Let v be d(7). Let c(b) = b**2 - b - 3. What is the units digit of c(v)?
3
Let k(p) = -4*p**3 - p**2 - 2*p. What is the units digit of k(-2)?
2
Let b be (-34)/(-9) - 2/(-9). What is the units digit of 4 + (b - -2) + -2?
8
What is the tens digit of (-13)/(-26)*(-136)/(-1)?
6
Let j(s) = -6*s - 4. What is the units digit of j(-2)?
8
Let t = -4 - -8. Suppose -t*i + 3*i + 2 = 0. What is the units digit of i?
2
Let u(q) = q**2 - 7*q - 5. Let y be -2*((-110)/4)/5. Suppose -f - 3 = -y. What is the units digit of u(f)?
3
Let n(a) be the third derivative of 1/2*a**3 + a**2 + 0 + 1/24*a**4 + 0*a. What is the units digit of n(3)?
6
Let w = -23 + 47. Let g = -16 + w. Let y = g + -6. What is the units digit of y?
2
Let o be 145/15 + 1/3. Let i = o + 11. What is the units digit of i?
1
Suppose 4*d - 2 = 10. Let x(h) = -2 - 2*h**2 + 4*h + 6 + 2*h**3 - d*h**3. What is the units digit of x(-3)?
1
Suppose t = -5*x + 26, -x = -5*t - 2*x + 154. Let v = t + -18. What is the tens digit of v?
1
Let g = 18 - 9. Let d = g - 0. Suppose 3*q - d = -0*q. What is the units digit of q?
3
Let k = 61 + -34. What is the units digit of k?
7
Let a = -13 - -2. Let x = 0 - a. Suppose -2*y = -7 - x. What is the units digit of y?
9
Let d(v) = 2*v**2 + 6*v + 17. What is the hundreds digit of d(-13)?
2
Suppose -4*d + 21 = -11. What is the units digit of d?
8
Suppose -2*c + 94 = -c + 5*w, -132 = -2*c + 4*w. What is the units digit of c?
4
Let b(j) = j**3 - 3*j**2 - 7*j + 6. What is the units digit of b(6)?
2
Let x(r) be the first derivative of 8*r**3 - r**2/2 - 6. What is the tens digit of x(1)?
2
Let g(d) = 7*d**3 - d**2 - d + 1. Suppose 3 = -h + 8. Let a = h + -4. What is the units digit of g(a)?
6
Let b(d) = -d**3 - 16*d**2 - 13*d - 1. Let f be b(-15). Suppose 2*i + 2*i = -60. Let s = i - f. What is the units digit of s?
6
Let m = 8 - -2. What is the units digit of (68/(-10))/((-4)/m)?
7
Suppose 3*v + v + 41 = -3*m, m + 3 = 0. What is the tens digit of (-21)/(4/(v/3))?
1
Let w(u) = -4*u**2 - 10 - 5*u + u**2 + 2. Let k(y) = 13*y**2 + 19*y + 32. Let g(a) = -2*k(a) - 9*w(a). What is the units digit of g(-7)?
8
Suppose 135 = 3*o - 0*o. 